9 a composite number?
True
Is 53342759 a prime number?
True
Is 480079097 a composite number?
True
Is 12315513449 composite?
False
Is 1738793159 a composite number?
True
Is 954116467 a composite number?
False
Is 29525317 a composite number?
True
Is 80605443991 prime?
False
Is 4877212741 prime?
False
Is 62735862643 a prime number?
True
Is 1955628809 a prime number?
False
Is 1403467951 prime?
True
Is 7993260943 a composite number?
False
Is 356418668189 prime?
True
Is 1680691777 composite?
True
Is 23620381 a composite number?
True
Is 36861861719 a prime number?
False
Is 42453520841 a composite number?
True
Is 7436774251 prime?
True
Is 536623699 prime?
True
Is 21099047429 a composite number?
True
Is 38147900549 a composite number?
True
Is 1255265183 a prime number?
True
Is 991184557 a composite number?
True
Is 42610618471 composite?
False
Is 8732003183 prime?
False
Is 1496893817 a composite number?
True
Is 8972631827 a composite number?
False
Is 220791341 composite?
False
Is 53206121 prime?
True
Is 32191417 a composite number?
False
Is 21209512187 composite?
False
Is 50226577 composite?
False
Is 2098914527 a composite number?
True
Is 13324942553 prime?
False
Is 2208684233 composite?
True
Is 6729086719 composite?
True
Is 2269859173 prime?
False
Is 15396270391 a composite number?
False
Is 2695751167 prime?
False
Is 7743956447 prime?
True
Is 3620330011 composite?
False
Is 41737684927 prime?
False
Is 493791223 prime?
False
Is 4130344639 a composite number?
False
Is 16291809799 composite?
True
Is 217041787223 prime?
False
Is 19572171901 a composite number?
True
Is 12113597459 a prime number?
False
Is 749021159 a composite number?
True
Is 5226581527 prime?
True
Is 106386179071 a composite number?
True
Is 402359765 prime?
False
Is 48410547721 prime?
True
Is 47603806 a prime number?
False
Is 3513933053 prime?
True
Is 71985383 composite?
False
Is 444953243 composite?
True
Is 138387173 prime?
True
Is 818440463 prime?
False
Is 9914712421 composite?
True
Is 19898708033 a composite number?
True
Is 847194869 a composite number?
False
Is 13488919783 composite?
False
Is 289650601 prime?
True
Is 68667969961 composite?
True
Is 991062019 a prime number?
False
Is 119815459 a composite number?
False
Is 103495597 a prime number?
False
Is 347951143 a prime number?
False
Is 204929783 prime?
True
Is 5171953951 prime?
True
Is 1001107 composite?
False
Is 458578199 a prime number?
True
Is 284889563143 prime?
True
Is 3979414007 a prime number?
True
Is 588751339 prime?
False
Is 4026614222 composite?
True
Is 11093216293 a prime number?
False
Is 462933371 prime?
True
Is 191032359926 a composite number?
True
Is 1445685634 composite?
True
Is 71791123213 a prime number?
True
Is 2339796191 a prime number?
False
Is 251618347 prime?
True
Is 714314249 a prime number?
False
Is 9633072287 prime?
False
Is 1074410899 prime?
True
Is 11424938867 composite?
False
Is 274625951 a composite number?
True
Is 804248471 a composite number?
True
Is 85405102669 composite?
False
Is 4470114787 a prime number?
True
Is 247019933 composite?
True
Is 2163099733 a composite number?
False
Is 21563265754 a composite number?
True
Is 167497129 a prime number?
True
Is 2860588714 a prime number?
False
Is 7030439291 a prime number?
True
Is 2096377403 composite?
True
Is 26746917781 a composite number?
True
Is 110967523 a composite number?
False
Is 975107747 prime?
False
Is 2981033477 prime?
False
Is 54468592721 prime?
True
Is 48276847 composite?
False
Is 130462313 composite?
False
Is 127880375347 composite?
True
Is 199980329693 composite?
False
Is 6575431391 a prime number?
True
Is 1297164731 prime?
True
Is 3492483851 composite?
False
Is 99836981 prime?
True
Is 60017179 prime?
False
Is 22197759377 a prime number?
True
Is 5694531793 a prime number?
False
Is 31751067643 a prime number?
False
Is 3456998583 a prime number?
False
Is 65293135907 composite?
True
Is 254094647 prime?
False
Is 507049313 a prime number?
False
Is 99674715533 composite?
False
Is 16360538885 a composite number?
True
Is 814868479 composite?
False
Is 19603861223 prime?
False
Is 498355105 a composite number?
True
Is 262202567 prime?
False
Is 12156171821 a prime number?
True
Is 76707353 a prime number?
True
Is 27167147467 composite?
False
Is 2636533771 a composite number?
True
Is 6277890013 composite?
False
Is 14138577359 a prime number?
False
Is 6653145481 composite?
True
Is 230728123 prime?
False
Is 10000138949 a composite number?
False
Is 7353684859 a prime number?
True
Is 107998633537 a prime number?
False
Is 1958930429 composite?
False
Is 1194554027 composite?
False
Is 9553060039 prime?
True
Is 169672554971 composite?
False
Is 6118164707 a prime number?
True
Is 7971085163 a composite number?
False
Is 5456812993 a prime number?
False
Is 3100164099 a prime number?
False
Is 134347488131 a composite number?
False
Is 1555752817 a composite number?
False
Is 127669013 a composite number?
True
Is 5922309109 prime?
False
Is 38461131169 composite?
False
Is 1481744197 composite?
False
Is 953783263 prime?
True
Is 71445887243 composite?
False
Is 299594903 a composite number?
False
Is 4031186937 prime?
False
Is 79118261081 a prime number?
True
Is 1237975877 a composite number?
False
Is 25576905703 prime?
True
Is 8201839939 prime?
False
Is 6662338498 a composite number?
True
Is 176279221 a composite number?
True
Is 512027627 composite?
False
Is 2864149399 a composite number?
True
Is 11814926878 prime?
False
Is 131113622851 prime?
True
Is 186278773 composite?
True
Is 10159513649 composite?
False
Is 311807239 a prime number?
True
Is 7599128881 composite?
False
Is 661396517 a prime number?
False
Is 39179820293 composite?
True
Is 687740149 prime?
False
Is 563514377 composite?
False
Is 2959794841 a prime number?
True
Is 14683412137 prime?
False
Is 7591302991 a prime number?
False
Is 123595757 composite?
False
Is 19409635555 prime?
False
Is 19923369131 prime?
True
Is 82114071631 prime?
True
Is 76648662011 a prime number?
False
Is 26941823221 composite?
False
Is 4456436497 a composite number?
False
Is 1573826219 prime?
False
Is 1084186127 a composite number?
False
Is 3594127643 composite?
False
Is 5294878219 prime?
False
Is 5592026879 prime?
True
Is 1234007897 prime?
True
Is 108835462033 prime?
True
Is 45686200141 prime?
True
Is 1465199881 a prime number?
True
Is 16325763967 a prime number?
True
Is 8454556133 a prime number?
True
Is 141177442669 a prime number?
False
Is 47542246643 prime?
True
Is 34168919671 composite?
False
Is 41843462761 a prime number?
False
Is 20351052809 a composite number?
True
Is 1106376671 a composite number?
True
Is 5284526353 composite?
False
Is 5914017247 composite?
False
Is 1937133365 composite?
True
Is 2978336339 prime?
False
Is 10222478151 a composite number?
True
Is 227329721 a composite number?
False
Is 83134820063 a composite number?
True
Is 602404171 a composite number?
False
Is 1542061097 a prime number?
True
Is 13898244137 composite?
False
Is 7625701309 composite?
True
Is 2079478634 a composite number?
True
Is 21823318061 a prime number?
False
Is 2127392431 a composite number?
True
Is 2150182317 a composite number?
True
Is 3719919499 composite?
False
Is 2117743733 composite?
True
Is 7019152187 a composite number?
False
Is 6246040777 prime?
True
Is 29882212777 a composite number?
False
Is 21928743167 composite?
True
Is 32024617787 a composite number?
False
Is 23575469017 composite?
False
Is 1183096961 a prime number?
True
Is 49472987 a composite number?
False
Is 2902414681 composite?
True
Is 1497321967 prime?
False
Is 79104608941 a prime number?
True
Is 10862877331 a composite number?
False
Is 68037210095 composite?
True
Is 17526354581 a composite number?
False
Is 7857165787 a composite number?
False
Is 17432234423 a composite number?
False
Is 1597471391 a composite number?
True
Is 2106655717 composite?
True
Is 82383799 a prime number?
True
Is 1508042479 composite?
False
Is 584710891 a composite number?
False
Is 56076493 prime?
False
Is 60186823 a composite number?
False
Is 498374837 a prime number?
True
Is 24208992947 a composite number?
False
Is 7017659401 a prime number?
False
Is 3217423753 composite?
True
Is 409717207 composite?
False
Is 70846999 composite?
False
Is 176592091889 a composite number?
False
Is 4322446369 a comp